6)/d + 6746/10?
5
Let t = 11150 + 1552. What is the units digit of t?
2
Let f(v) = 82*v**2 + 9*v + 15. Let b be f(-2). Suppose -l = -4*y - b, 0*y - 4*y = 4. What is the hundreds digit of l?
3
Let i(w) = 4*w**3 - 38*w**2 + 23*w + 22. What is the hundreds digit of i(12)?
7
Let a = -101 - -107. Let m = -45 + 49. Suppose -4*x + 341 + 679 = m*u, -2*u + a = 0. What is the hundreds digit of x?
2
Let j(m) be the second derivative of -m**5/20 + 7*m**4/6 - 2*m**3 + m**2/2 + 13*m. Let z be j(12). What is the units digit of 20/70 - z/(-7)?
1
Let r be 45*((-12)/(-15) - 1)*-3. Suppose -r*l - 548 = -23*l. Let x = l - -317. What is the tens digit of x?
8
Suppose 0 = 66*u - 67*u + 5. Suppose 11*a - 12 = u*a. Suppose -3*i = -4*p - 495, 3*i - a*p = -p + 504. What is the tens digit of i?
6
Let h(c) = -26*c - 65. Let p be h(-8). Suppose 2*i + p = 4*v - 569, 714 = 4*v - 3*i. What is the hundreds digit of v?
1
Let t = -217 - -217. Suppose -8*y - 3*p - 4029 = -11*y, t = 3*y + 5*p - 4053. What is the tens digit of y?
4
Let b(k) = 113*k**2 - 870*k - 27. What is the hundreds digit of b(-8)?
1
Let n(h) = 23*h**2 - 13*h + 34. Let p(o) = o**2 - 17*o + 22. Let x be p(16). What is the units digit of n(x)?
4
Suppose -4*j + z = -9*j + 3437, -5*j - 2*z = -3439. Let o = j + -1544. What is the units digit of o/(-9) - (10/45 - 0)?
5
Let m = -236 - -98. Let l = 353 + m. What is the tens digit of l?
1
Let v be 1 + (-3)/((-6)/(-82)). Let s = v - -76. Let q = 77 - s. What is the units digit of q?
1
Suppose 4*d = -p + 949 + 174, -2*d = 4*p - 572. Suppose -3*f - 4*z = -785, f - 5*z = -10*z + d. What is the hundreds digit of f?
2
Let s(m) = m**2 - 1. Let u be s(-4). Let y(n) = 7*n**2 - 27*n + 21. Let k(i) = 10*i**2 - 40*i + 31. Let q(a) = 5*k(a) - 7*y(a). What is the units digit of q(u)?
8
Suppose -569*h + 583*h - 103838 = 0. What is the thousands digit of h?
7
Suppose -3*a + 113306 - 11624 = 3*v, 0 = v + 4*a - 33870. What is the tens digit of v?
0
Let o(x) = 9*x**2 - 33*x. Let m be o(15). Suppose 2817 = 9*n - m. What is the hundreds digit of n?
4
Let f(k) = -k**3 + 8*k**2 - k + 14. Let t be f(8). What is the hundreds digit of (21/(-14))/(t/(-1136))?
2
What is the tens digit of (-1 + (-9)/(-6))*(75967 + (-18)/(-2))?
8
Suppose 15*t - 501009 = -122*t. What is the thousands digit of t?
3
Let w be (-3 - 135/10)*(-1 + -1). Let i be -8*(w/6)/11. What is the units digit of (-18 + -268)*2/i?
3
What is the tens digit of (-360)/(-66) + -6 + (-5)/((-165)/5958)?
8
Suppose -12*j - 50 = -14*j. Let q = -22 + j. What is the tens digit of 2*-1 - (9/q - 98)?
9
Suppose 5*y + 3*l + 345 - 3245 = 0, -2*y = l - 1161. Suppose 5*r - 1893 = -y. What is the tens digit of r*2/10*30/12?
3
Suppose 5*a - 47 - 424 = 3*y, 0 = 3*a + 2*y - 275. Suppose a*r = 77*r + 12208. What is the tens digit of r?
6
Let q = 95 - 52. Let a = q + -38. Suppose a*f = f - h + 541, 4*f = 3*h + 553. What is the tens digit of f?
3
What is the units digit of 126460/44 - 2 - (2 - 126/66)?
2
Let m(r) = r**2 + 11*r - 2. Let u be m(-11). Let k(v) = -v**3 - 4*v**2 - v - 2. Let n be k(u). Let a = 37 + n. What is the tens digit of a?
2
Suppose -47*s + 14*s = -650463. What is the ten thousands digit of s?
1
Let x(p) = 12*p**2 + 313*p - 88. What is the units digit of x(-47)?
9
Let x = 14415 - 10695. What is the thousands digit of x?
3
Suppose -h = 5*r - 19593, 0 = -4*r + 5*h + 3345 + 12370. What is the tens digit of r?
2
What is the thousands digit of 4206*((-2397)/(-204) - (-1)/(-12))?
9
Suppose 2*t + 7*r - 83249 = 0, -r + 208205 = 70*t - 65*t. What is the thousands digit of t?
1
What is the tens digit of -72081*-2*16/144?
1
Let h = -58 - -57. Let u(p) = -350*p**2 + 5*p + 4. Let j be u(h). Let b = -227 - j. What is the units digit of b?
4
Let x(z) = 12*z**2 + z + 1. Let q be x(-1). What is the units digit of (1180/(-6))/(64/q - 6)?
5
Let j = 625 + 2065. Suppose -5*d + j = 5*b, 2*b = -0*b - 4*d + 1074. What is the units digit of b?
9
Suppose -37719 + 18616 = -g. What is the hundreds digit of g?
1
Let z(d) = 727*d**2 - 127*d - 1260. What is the hundreds digit of z(-11)?
1
What is the tens digit of (-3937 + -16 + 10)*-5?
1
Suppose 5*w - 2775 = 2*d, 3*d - 1592 = 5*w - 5762. Let m = 1955 + d. What is the hundreds digit of m?
5
Let h = 12 + -4. Let a be 3642/9 - h/12. Suppose -3*u = 4*z - 9*z - a, -720 = -5*u - z. What is the hundreds digit of u?
1
What is the tens digit of 16 - (-8 - (20276 + -2))?
9
Let g = -5256 - -14564. What is the tens digit of g?
0
Suppose -251232 = 454*r - 502*r + 562800. What is the units digit of r?
9
Suppose -4*m - x = -3160 - 22631, -5*m + 4*x = -32223. What is the hundreds digit of m?
4
Suppose -21*f - 5*f + 3137982 = 20*f. What is the ten thousands digit of f?
6
Let n = -292 + 562. Suppose -z = -0*z. Suppose z = -7*d + 5*d - 3*h + 181, n = 3*d + 4*h. What is the units digit of d?
6
Let v(n) = 29*n**2 + 16*n**2 + 2 + 1 + n**3 + 129 - 60*n. What is the units digit of v(-46)?
6
Let s = 74 + -63. Suppose -s*b + 9 = -167. Suppose -b*u = -17*u + 102. What is the hundreds digit of u?
1
Let p(b) = 1352*b**2 - 42*b + 405. What is the thousands digit of p(6)?
8
Suppose 0 = 8*i - 2 - 46. Suppose -206 = i*y - 2858. What is the units digit of y?
2
What is the thousands digit of 5299 + 1 + 2169/241?
5
Let t(v) = 8*v**2 + 3*v + 5. Let d be 8/(-20)*15/(-6). Let p be (-1 - d) + (8 - 7) + -3. What is the tens digit of t(p)?
2
Let g(d) be the third derivative of -d**4/8 + 5*d**3/6 - 43*d**2. Let n be g(-5). What is the tens digit of 16/n - (-646)/5?
3
Let s = 6841 + -3071. Suppose -6757 = -11*f + s. What is the hundreds digit of f?
9
Let h = -29440 - -46452. What is the thousands digit of h?
7
Let m be 96*(-5)/(-8)*2. Suppose r = 3, 4*v = -4*r - 15 + 47. Suppose h - m = -v*w, 282 + 372 = 5*h - 2*w. What is the tens digit of h?
3
Let b(t) = -t**2 - 42*t - 69. Let x be b(-11). Suppose 2*h - 4*h = -8. Suppose -h*v = x - 704. What is the units digit of v?
8
Suppose -14897 + 23160 + 85065 = 76*u. What is the hundreds digit of u?
2
Let p = -42419 + 56245. What is the thousands digit of p?
3
Let l(y) = 5*y**2 - 36*y - 128. What is the tens digit of l(-13)?
8
Let t = -128 - -64. Let i = t + 67. What is the units digit of 8 + 2 + (-3)/i?
9
Suppose 0 = 17*n + 9642 - 45512. What is the tens digit of n?
1
Let s = 320 + -315. What is the tens digit of 147 + -11 + 1/(1/s)?
4
Let v = 201 - 199. Suppose q = v*a + 136 + 35, -q + 183 = -5*a. What is the hundreds digit of q?
1
Suppose -177300 = 29*a - 713133. What is the hundreds digit of a?
4
Suppose 13*m + 34*m = 518927. What is the thousands digit of m?
1
Suppose -3*s - 2*u = -0*u + 17, 18 = -4*s + 2*u. Let t be (8/36 + (-37)/45)*s. Let w(k) = 6*k**2 - 3*k + 12. What is the units digit of w(t)?
7
Let n be ((-2)/(-5))/(2 + (-27)/15). Suppose -3*j = j - 5*x - 34, -n*j + 2*x = -16. What is the tens digit of 152/1 - (-3 + j)?
4
Suppose -50*u + 46*u - 3*f + 144704 = 0, 0 = 3*u + 3*f - 108528. What is the hundreds digit of u?
1
Let d = 3 + 3. Suppose -2*n + d*n = k - 2, -2*k = -5*n - 4. What is the units digit of (-1127)/(-14) - 1/k?
0
Let o(p) = p**3 - 9*p**2 - 18. Let d be o(8). Let h = -60 - d. What is the tens digit of (-57)/((2/3)/(h/(-33)))?
5
Let g = 30 - 24. Suppose f + 0*f = -3*k + 9, 2*k + 4*f - g = 0. What is the units digit of k*4/(-12) - -186 - -1?
6
Suppose -1976 = -44*q + 40*q. Suppose 0 = -5*z + 66 + q. Let d = 321 - z. What is the tens digit of d?
0
Suppose 3*m = -2*n + 62514, -17*m = -n - 21*m + 31237. What is the units digit of n?
9
Let o be 1/((9 - 4)/2555). Suppose 0 = -44*g + 37*g + o. What is the tens digit of g?
7
Let i(c) be the first derivative of c**3/3 - 13*c**2/2 - 35*c + 14. Let z be i(14). Let o = z + 105. What is the tens digit of o?
8
Let x(n) = 11*n**2 - 5*n + 1. Suppose -24 = 10*l - 2*l. Let t(k) = -10*k**2 + 4*k. Let q(s) = l*x(s) - 4*t(s). What is the units digit of q(-3)?
3
What is the units digit of (-24)/(-22) - 262755678/(-6798)?
3
Suppose 5*f - 109086 = -4*j, 2*f + 5*j - 32940 - 10691 = 0. What is the thousands digit of f?
1
Suppose -5*j = 4*w - 95226, -23803 = -w - 541*j + 538*j. What is the units digit of w?
9
What is the hundreds digit of (-385425)/(-75)*147/27?
9
Let g be (-504)/(-10) - -1 - (-14)/(-35). Let w = -49 + g. Suppose -w*j + 3*j - 121 = 0. What is the tens 